se 7) in base 8?
-57023
Convert -2325 (base 8) to base 11.
-a25
What is -5232 (base 6) in base 4?
-102110
-1662 (base 8) to base 3
-1022001
Convert -772 (base 11) to base 12.
-652
What is 82b (base 16) in base 4?
200223
Convert 27542 (base 8) to base 5.
342010
1112110 (base 3) to base 2
10001011111
Convert 3113 (base 9) to base 13.
1065
Convert 1022202202 (base 3) to base 12.
1310b
What is 2464 (base 11) in base 3?
11102010
26b19 (base 12) to base 4
31003011
Convert -1199 (base 11) to base 12.
-aa0
-26336 (base 7) to base 14
-27c6
What is 2b9c (base 13) in base 9?
8671
113231 (base 4) to base 2
10111101101
What is -13275 (base 8) in base 2?
-1011010111101
What is -3046 (base 9) in base 11?
-1747
-3263 (base 7) to base 14
-5da
Convert 3313 (base 4) to base 2.
11110111
Convert 110221 (base 3) to base 9.
427
Convert -210 (base 14) to base 13.
-253
Convert -7238 (base 16) to base 7.
-151151
Convert -2879 (base 10) to base 8.
-5477
-234201 (base 6) to base 13
-9376
701 (base 16) to base 2
11100000001
What is -13331 (base 8) in base 10?
-5849
What is 2ba3 (base 15) in base 14?
35bc
What is 154054 (base 6) in base 13?
6b89
-110001 (base 3) to base 7
-643
What is 19a (base 14) in base 11?
282
-1001001100 (base 2) to base 14
-300
What is -138 (base 9) in base 16?
-74
Convert -65 (base 16) to base 12.
-85
What is -33030 (base 4) in base 9?
-1300
-12010011 (base 3) to base 12
-21aa
-2b0 (base 14) to base 16
-222
Convert -22102201 (base 3) to base 7.
-23632
What is 3120 (base 4) in base 5?
1331
What is 2cd (base 14) in base 16?
23d
1c6 (base 13) to base 12
237
What is 3151 (base 6) in base 5?
10330
-3022033 (base 4) to base 5
-403233
Convert -a17 (base 14) to base 11.
-1541
12943 (base 11) to base 3
221021221
-1011001100 (base 2) to base 15
-32b
-60b (base 12) to base 15
-3d5
Convert 1 (base 9) to base 5.
1
Convert -111111011 (base 2) to base 6.
-2203
What is 525 (base 10) in base 13?
315
Convert 67063 (base 9) to base 4.
22313232
18965 (base 10) to base 2
100101000010101
1260a (base 13) to base 4
20102323
Convert 6674 (base 11) to base 5.
240133
Convert 267a (base 11) to base 16.
d93
What is -454043 (base 6) in base 8?
-113113
What is 210131 (base 4) in base 9?
3172
-1011001000 (base 2) to base 9
-871
Convert 31012 (base 5) to base 13.
bb5
What is e77 (base 15) in base 4?
302332
What is 103323 (base 8) in base 3?
1202100100
656 (base 15) to base 4
112113
What is 1527 (base 8) in base 9?
1150
-15421 (base 13) to base 7
-225226
Convert -12472 (base 9) to base 3.
-102112102
1466 (base 7) to base 5
4322
Convert -10110001111 (base 2) to base 14.
-739
What is -27a2 (base 12) in base 10?
-4586
-2696 (base 11) to base 4
-312211
20010 (base 4) to base 2
1000000100
What is 1123113 (base 4) in base 7?
23022
984 (base 12) to base 5
21041
Convert -3043 (base 9) to base 6.
-14150
Convert -450 (base 11) to base 15.
-25e
Convert 10100001001 (base 2) to base 11.
a72
What is -12174 (base 8) in base 16?
-147c
What is -76241 (base 9) in base 2?
-1100010101000100
Convert -52045 (base 6) to base 16.
-1b1d
What is 466 (base 12) in base 2?
1010001110
-119 (base 13) to base 4
-2333
What is -3502 (base 6) in base 4?
-30332
-37 (base 11) to base 2
-101000
5471 (base 11) to base 8
16061
Convert 10021220 (base 3) to base 16.
960
10520 (base 9) to base 16
1b48
What is 185d (base 15) in base 5?
132023
-70547 (base 9) to base 7
-252130
-14364 (base 7) to base 6
-30210
10021002202 (base 3) to base 16
fae2
-1000222 (base 3) to base 6
-3255
1244 (base 7) to base 13
2a5
What is 1000100 (base 3) in base 4?
23202
Convert 1706 (base 9) to base 15.
5bc
Convert 4c2 (base 13) to base 7.
2301
5ac (base 14) to base 12
7a4
-1000202 (base 3) to base 15
-34e
3020012 (base 4) to base 6
135142
Convert -14533 (base 9) to base 12.
-58a0
What is -556 (base 10) in base 4?
-20230
-3334421 (base 5) to base 15
-1260b
Convert 5209 (base 15) to base 2.
100001110110110
What is 45b9 (base 13) in base 16?
2639
What is 32035 (base 6) in base 2?
1000011110111
Convert -533010 (base 6) to base 11.
-2a695
-356 (base 13) to base 7
-1454
What is -19567 (base 12) in base 6?
-443411
What is 68b (base 12) in base 11?
803
Convert 6759 (base 11) to base 8.
21301
-233 (base 13) to base 15
-1a5
Convert -10021001 (base 3) to base 14.
-c1b
-87a (base 12) to base 11
-a33
What is -221112 (base 3) in base 8?
-1261
-3220202 (base 4) to base 5
-434012
Convert -188 (base 12) to base 11.
-206
Convert 29cf (base 16) to base 3.
112200102
What is 11101000100001 (base 2) in base 10?
14881
-32cd (base 16) to base 6
-140113
-b48c (base 14) to base 8
-74564
What is -2210 (base 6) in base 15?
-240
-14413 (base 5) to base 14
-641
What is -11053 (base 6) in base 9?
-2106
What is 1110100001 (base 2) in base 13?
566
What is 12177 (base 10) in base 5?
342202
-102414 (base 6) to base 11
-6312
What is -10010001001011 (base 2) in base 8?
-22113
Convert -3925 (base 12) to base 13.
-2c69
Convert 12144 (base 7) to base 6.
22400
What is -2963 (base 15) in base 12?
-5170
Convert 20144 (base 8) to base 13.
3a0b
Convert -8c5b (base 14) to base 3.
-1020110011
-29e (base 16) to base 15
-2ea
What is -201646 (base 7) in base 15?
-a25a
3d73 (base 16) to base 10
15731
What is 101111000 (base 2) in base 7?
1045
281a (base 12) to base 8
11026
42450 (base 6) to base 9
7843
176 (base 10) to base 6
452
111312 (base 4) to base 14
71c
170 (base 13) to base 10
260
22011 (base 3) to base 12
164
What is 545 (base 6) in base 9?
252
Convert -4537 (base 8) to base 9.
-3255
What is 2610 (base 8) in base 15?
646
What is -2535 (base 7) in base 14?
-4c5
What is -2544 (base 8) in base 3?
-1220010
What is -144544 (base 6) in base 11?
-a5a7
-5010 (base 16) to base 5
-1123441
What is 149a (base 13) in base 14?
1144
-213133 (base 4) to base 7
-10240
Convert -10300221 (base 4) to base 16.
-4c29
Convert 112021010 (base 3) to base 2.
10100010011110
-2762 (base 12) to base 11
-3456
Convert 3002 (base 7) to base 5.
13111
What is 1312 (base 5) in base 14?
10b
Convert 319 (base 16) to base 2.
1100011001
Convert a86 (base 15) to base 3.
10021000
Convert -1138 (base 9) to base 13.
-500
What is 463 (base 15) in base 10?
993
Convert 649 (base 15) to base 4.
112023
What is -21332 (base 6) in base 10?
-2936
What is -1445 (base 7) in base 2?
-1000111100
What is 95 (base 16) in base 4?
2111
-312232 (base 4) to base 16
-dae
-12212110 (base 3) to base 11
-323a
What is 172 (base 14) in base 15?
14b
Convert -408 (base 15) to base 11.
-756
Convert 1707 (base 12) to base 14.
ddd
-4403 (base 5) to base 14
-311
34345 (base 9) to base 8
54543
What is 310153 (base 6) in base 12?
12359
-2004 (base 5) to base 4
-3332
4232 (base 7) to base 11
1138
Convert 110061 (base 7) to base 12.
b183
What is -11100011 (base 2) in base 14?
-123
-917 (base 13) to base 2
-11000000101
What is -30010212 (base 4) in base 15?
-e9b6
-394 (base 12) to base 9
-664
-44680 (base 9) to base 2
-111010000010110
What is -10001111001110 (base 2) in base 14?
-34aa
What is 1200 (base 8) in base 5?
10030
What is -3364 (base 7) in base 2?
-10011000110
What is -1011102 (base 5) in base 3?
-211111111
What is -304 (base 12) in base 2?
-110110100
-101001010010 (base 2) to base 14
-d6a
10111101 (base 2) to base 14
d7
What is -8450 (base 9) in base 13?
-2a90
Convert 17b (base 12) to base 2.
11101111
c88 (base 15) to base 2
101100001100
Convert 138156 (base 9) to base 14.
22c1a
Convert -1000111101110 (base 2) to base 4.
-1013232
What is -15214 (base 7) in base 8?
-10201
1620 (base 8) to base 12
640
Convert -14b44 (base 12) to base 9.
-44147
Convert -3572 (base 10) to base 7.
-13262
397 (base 11) to base 7
1240
What is 162 (base 8) in base 5?
424
-1b60 (base 12) to base 5
-102014
What is -1112 (base 4) in base 7?
-152
Convert 2422 (base 9) to base 3.
2110202
What is 12301 (base 4) in base 12?
301
What is -2020200 (base 3) in base 7?
-4530
Convert 380 (base 11) to base 3.
121201
-231414 (base 5) to base 10
-8359
31540 (base 9) to base 11
14738
-28186 (base 9) to base 4
-10222221
-11011011 (base 2) to base 8
-333
What is -1402 (base 6) in base 10?
-362
What is 1074 (base 9) in base 10?
796
What is 168 (base 13) in base 3?
100110
Convert -e769 (base 15) to base 10.
-48924
What is -557 (base 9) in base 12?
-321
60664 (base 7) to base 2
11100110011010
585